{"id":1143,"date":"2023-02-15T22:20:15","date_gmt":"2023-02-15T22:20:15","guid":{"rendered":"https:\/\/sofilu.pl\/?post_type=product&#038;p=1143"},"modified":"2025-12-01T00:04:56","modified_gmt":"2025-12-01T00:04:56","slug":"suknia-angela","status":"publish","type":"product","link":"https:\/\/sofilu.pl\/index.php\/produkt\/suknia-angela\/","title":{"rendered":"Suknia ANGELA"},"content":{"rendered":"<h2><strong>Suknia ANGELA\u00a0<\/strong><\/h2>\n<h4><strong>Romantyczna tiulowa suknia na gorsecie usztywnianym fiszbinami, z miseczk\u0105 biustonosza i ci\u0119ciami zdobionymi delikatn\u0105, kremow\u0105 koronk\u0105. Przy gorsecie cienkie szeleczki pozwalaj\u0105ce na wi\u0105zanie na szyi. Sp\u00f3dnica to trzy warstwy tiulu krojone asymetrycznie w odcieniach be\u017cu i kremu. Przez \u015brodek p\u0119kni\u0119cie do samego gorsetu pozwalaj\u0105ce na pokazanie brzuszka. Gorset wi\u0105zany z ty\u0142u. Suknia wykonana z mi\u0119kkiego tiulu w struktur\u0119 rombu. W zestawie nak\u0142adane r\u0119kawki<\/strong><\/h4>\n<h4><strong>Rozmiar uniwersalny<\/strong><\/h4>\n<p>Projekt i wykonanie: <a href=\"https:\/\/www.facebook.com\/SofiLuProps\" target=\"_blank\" rel=\"noopener noreferrer\">Beata Charachajczuk<\/a><br \/>\nFotografia: <a href=\"https:\/\/www.facebook.com\/MagdalenaMakowskaPhotography\" target=\"_blank\" rel=\"noopener\">Magdalena Makowska<\/a><\/p>\n","protected":false},"excerpt":{"rendered":"<h4><strong>Suknia ANGELA\u00a0<\/strong><\/h4>\n<p>Romantyczna tiulowa suknia na gorsecie usztywnianym fiszbinami, z miseczk\u0105 biustonosza i ci\u0119ciami zdobionymi delikatn\u0105, kremow\u0105 koronk\u0105. Przy gorsecie cienkie szeleczki pozwalaj\u0105ce na wi\u0105zanie na szyi. Sp\u00f3dnica to trzy warstwy tiulu krojone asymetrycznie w odcieniach be\u017cu i kremu. Przez \u015brodek p\u0119kni\u0119cie do samego gorsetu pozwalaj\u0105ce na pokazanie brzuszka. Gorset wi\u0105zany z ty\u0142u. Suknia wykonana z mi\u0119kkiego tiulu w struktur\u0119 rombu.\u00a0 W zestawie nak\u0142adane r\u0119kawki<\/p>\n<p>Rozmiar uniwersalny<\/p>\n","protected":false},"featured_media":1224,"comment_status":"open","ping_status":"closed","template":"","meta":{"jetpack_publicize_message":"","jetpack_publicize_feature_enabled":true,"jetpack_social_post_already_shared":true,"jetpack_social_options":{"image_generator_settings":{"template":"highway","default_image_id":0,"font":"","enabled":false},"version":2}},"product_brand":[],"product_cat":[75],"product_tag":[26,28,27,98,19],"class_list":{"0":"post-1143","1":"product","2":"type-product","3":"status-publish","4":"has-post-thumbnail","6":"product_cat-suknie-tiulowe","7":"product_tag-fotografia","8":"product_tag-fotograficzna","9":"product_tag-sesja","10":"product_tag-sofilu","11":"product_tag-sukienka","13":"first","14":"instock","15":"purchasable","16":"product-type-variable"},"jetpack_publicize_connections":[],"jetpack_sharing_enabled":true,"jetpack_likes_enabled":true,"_links":{"self":[{"href":"https:\/\/sofilu.pl\/index.php\/wp-json\/wp\/v2\/product\/1143","targetHints":{"allow":["GET"]}}],"collection":[{"href":"https:\/\/sofilu.pl\/index.php\/wp-json\/wp\/v2\/product"}],"about":[{"href":"https:\/\/sofilu.pl\/index.php\/wp-json\/wp\/v2\/types\/product"}],"replies":[{"embeddable":true,"href":"https:\/\/sofilu.pl\/index.php\/wp-json\/wp\/v2\/comments?post=1143"}],"wp:featuredmedia":[{"embeddable":true,"href":"https:\/\/sofilu.pl\/index.php\/wp-json\/wp\/v2\/media\/1224"}],"wp:attachment":[{"href":"https:\/\/sofilu.pl\/index.php\/wp-json\/wp\/v2\/media?parent=1143"}],"wp:term":[{"taxonomy":"product_brand","embeddable":true,"href":"https:\/\/sofilu.pl\/index.php\/wp-json\/wp\/v2\/product_brand?post=1143"},{"taxonomy":"product_cat","embeddable":true,"href":"https:\/\/sofilu.pl\/index.php\/wp-json\/wp\/v2\/product_cat?post=1143"},{"taxonomy":"product_tag","embeddable":true,"href":"https:\/\/sofilu.pl\/index.php\/wp-json\/wp\/v2\/product_tag?post=1143"}],"curies":[{"name":"wp","href":"https:\/\/api.w.org\/{rel}","templated":true}]}}