{"id":1186,"date":"2023-03-07T21:16:06","date_gmt":"2023-03-07T21:16:06","guid":{"rendered":"https:\/\/sofilu.pl\/?post_type=product&#038;p=1186"},"modified":"2025-12-01T00:04:56","modified_gmt":"2025-12-01T00:04:56","slug":"suknia-elena","status":"publish","type":"product","link":"https:\/\/sofilu.pl\/index.php\/produkt\/suknia-elena\/","title":{"rendered":"Suknia ELENA"},"content":{"rendered":"<h4><strong>Suknia ELENA<\/strong><\/h4>\n<h4><strong>Elegancka suknia z tiulu nabijanego pere\u0142kami. G\u00f3ra sukni z g\u0142\u0119bokim dekoltem w V z dopinanym marszczonym r\u0119kawkiem. D\u00f3\u0142 sukni to dwie warstwy tiulu z pe\u0142nego ko\u0142a (wierzchnia warstwa z tiulu z pere\u0142kami)\u00a0 z p\u0119kni\u0119ciem z przodu do samego pasa. W zestawie dopasowana sp\u00f3dnica z jerseyu.<\/strong><\/h4>\n<p>Projekt i wykonanie: <a href=\"https:\/\/www.facebook.com\/SofiLuProps\" target=\"_blank\" rel=\"noopener noreferrer\">Beata Charachajczuk<\/a><br \/>\nFotografia: <a href=\"https:\/\/www.facebook.com\/MagdalenaMakowskaPhotography\" target=\"_blank\" rel=\"noopener\">Magdalena Makowska<\/a><\/p>\n","protected":false},"excerpt":{"rendered":"<h4><strong>Suknia ELENA<\/strong><\/h4>\n<p>Elegancka suknia z tiulu nabijanego pere\u0142kami. G\u00f3ra sukni z g\u0142\u0119bokim dekoltem w V z dopinanym marszczonym r\u0119kawkiem. D\u00f3\u0142 sukni to dwie warstwy tiulu z pe\u0142nego ko\u0142a (wierzchnia warstwa z tiulu z pere\u0142kami)\u00a0 z p\u0119kni\u0119ciem z przodu do samego pasa. W zestawie dopasowana sp\u00f3dnica z jerseyu.<\/p>\n","protected":false},"featured_media":1187,"comment_status":"open","ping_status":"closed","template":"","meta":{"jetpack_publicize_message":"","jetpack_publicize_feature_enabled":true,"jetpack_social_post_already_shared":true,"jetpack_social_options":{"image_generator_settings":{"template":"highway","default_image_id":0,"font":"","enabled":false},"version":2}},"product_brand":[],"product_cat":[75],"product_tag":[26,27,20,79],"class_list":{"0":"post-1186","1":"product","2":"type-product","3":"status-publish","4":"has-post-thumbnail","6":"product_cat-suknie-tiulowe","7":"product_tag-fotografia","8":"product_tag-sesja","9":"product_tag-sukienki","10":"product_tag-suknia-tiulowa","12":"first","13":"instock","14":"purchasable","15":"product-type-variable"},"jetpack_publicize_connections":[],"jetpack_sharing_enabled":true,"jetpack_likes_enabled":true,"_links":{"self":[{"href":"https:\/\/sofilu.pl\/index.php\/wp-json\/wp\/v2\/product\/1186","targetHints":{"allow":["GET"]}}],"collection":[{"href":"https:\/\/sofilu.pl\/index.php\/wp-json\/wp\/v2\/product"}],"about":[{"href":"https:\/\/sofilu.pl\/index.php\/wp-json\/wp\/v2\/types\/product"}],"replies":[{"embeddable":true,"href":"https:\/\/sofilu.pl\/index.php\/wp-json\/wp\/v2\/comments?post=1186"}],"wp:featuredmedia":[{"embeddable":true,"href":"https:\/\/sofilu.pl\/index.php\/wp-json\/wp\/v2\/media\/1187"}],"wp:attachment":[{"href":"https:\/\/sofilu.pl\/index.php\/wp-json\/wp\/v2\/media?parent=1186"}],"wp:term":[{"taxonomy":"product_brand","embeddable":true,"href":"https:\/\/sofilu.pl\/index.php\/wp-json\/wp\/v2\/product_brand?post=1186"},{"taxonomy":"product_cat","embeddable":true,"href":"https:\/\/sofilu.pl\/index.php\/wp-json\/wp\/v2\/product_cat?post=1186"},{"taxonomy":"product_tag","embeddable":true,"href":"https:\/\/sofilu.pl\/index.php\/wp-json\/wp\/v2\/product_tag?post=1186"}],"curies":[{"name":"wp","href":"https:\/\/api.w.org\/{rel}","templated":true}]}}

<h4><strong>Suknia ELENA</strong></h4>
<h4><strong>Elegancka suknia z tiulu nabijanego perełkami. Góra sukni z głębokim dekoltem w V z dopinanym marszczonym rękawkiem. Dół sukni to dwie warstwy tiulu z pełnego koła (wierzchnia warstwa z tiulu z perełkami)  z pęknięciem z przodu do samego pasa. W zestawie dopasowana spódnica z jerseyu.</strong></h4>
<p>Projekt i wykonanie: <a href="https://www.facebook.com/SofiLuProps" target="_blank" rel="noopener noreferrer">Beata Charachajczuk</a><br />
Fotografia: <a href="https://www.facebook.com/MagdalenaMakowskaPhotography" target="_blank" rel="noopener">Magdalena Makowska</a></p>

<h4><strong>Suknia ELENA</strong></h4>
<p>Elegancka suknia z tiulu nabijanego perełkami. Góra sukni z głębokim dekoltem w V z dopinanym marszczonym rękawkiem. Dół sukni to dwie warstwy tiulu z pełnego koła (wierzchnia warstwa z tiulu z perełkami)  z pęknięciem z przodu do samego pasa. W zestawie dopasowana spódnica z jerseyu.</p>
