{"id":1498,"date":"2024-04-02T20:06:23","date_gmt":"2024-04-02T20:06:23","guid":{"rendered":"https:\/\/sofilu.pl\/?post_type=product&#038;p=1498"},"modified":"2026-01-03T19:40:10","modified_gmt":"2026-01-03T19:40:10","slug":"suknia-sara","status":"publish","type":"product","link":"https:\/\/sofilu.pl\/index.php\/produkt\/suknia-sara\/","title":{"rendered":"Suknia SARA"},"content":{"rendered":"<h4><span style=\"color: #000000;\"><strong>Suknia SARA<\/strong><\/span><br \/>\n<strong>Dopasowana banda\u017cowa suknia z jerseyu. Dzi\u0119ki przeplecionej szarfie pozwala na r\u00f3\u017cne upinanie g\u00f3ry. Z ty\u0142u \u015bredniej <\/strong><strong>d\u0142ugo\u015bci tren.<\/strong><\/h4>\n<p>Projekt i wykonanie: <a href=\"https:\/\/www.facebook.com\/SofiLuProps\" target=\"_blank\" rel=\"noopener noreferrer\">Beata Charachajczuk<\/a><br \/>\nFotografia: <a href=\"https:\/\/www.facebook.com\/MagdalenaMakowskaPhotography\" target=\"_blank\" rel=\"noopener\">Magdalena Makowska<\/a><\/p>\n","protected":false},"excerpt":{"rendered":"<p><span style=\"color: #000000;\"><strong>Suknia SARA<\/strong><\/span><\/p>\n<p>Dopasowana banda\u017cowa suknia z jerseyu. Dzi\u0119ki przeplecionej szarfie pozwala na r\u00f3\u017cne upinanie g\u00f3ry. Z ty\u0142u \u015bredniej d\u0142ugo\u015bci tren.<\/p>\n<p>Rozmiar uniwersalny.<\/p>\n","protected":false},"featured_media":1494,"comment_status":"open","ping_status":"closed","template":"","meta":{"jetpack_publicize_message":"","jetpack_publicize_feature_enabled":true,"jetpack_social_post_already_shared":true,"jetpack_social_options":{"image_generator_settings":{"template":"highway","default_image_id":0,"font":"","enabled":false},"version":2}},"product_brand":[],"product_cat":[74],"product_tag":[88,26,28,60,27,19,20,23,89,79,24,78],"class_list":{"0":"post-1498","1":"product","2":"type-product","3":"status-publish","4":"has-post-thumbnail","6":"product_cat-suknie-dzianinowe","7":"product_tag-bonita","8":"product_tag-fotografia","9":"product_tag-fotograficzna","10":"product_tag-komplet","11":"product_tag-sesja","12":"product_tag-sukienka","13":"product_tag-sukienki","14":"product_tag-suknia","15":"product_tag-suknia-bonita","16":"product_tag-suknia-tiulowa","17":"product_tag-suknie","18":"product_tag-tiul","20":"first","21":"instock","22":"featured","23":"purchasable","24":"product-type-variable","25":"has-default-attributes"},"jetpack_publicize_connections":[],"jetpack_sharing_enabled":true,"jetpack_likes_enabled":true,"_links":{"self":[{"href":"https:\/\/sofilu.pl\/index.php\/wp-json\/wp\/v2\/product\/1498","targetHints":{"allow":["GET"]}}],"collection":[{"href":"https:\/\/sofilu.pl\/index.php\/wp-json\/wp\/v2\/product"}],"about":[{"href":"https:\/\/sofilu.pl\/index.php\/wp-json\/wp\/v2\/types\/product"}],"replies":[{"embeddable":true,"href":"https:\/\/sofilu.pl\/index.php\/wp-json\/wp\/v2\/comments?post=1498"}],"wp:featuredmedia":[{"embeddable":true,"href":"https:\/\/sofilu.pl\/index.php\/wp-json\/wp\/v2\/media\/1494"}],"wp:attachment":[{"href":"https:\/\/sofilu.pl\/index.php\/wp-json\/wp\/v2\/media?parent=1498"}],"wp:term":[{"taxonomy":"product_brand","embeddable":true,"href":"https:\/\/sofilu.pl\/index.php\/wp-json\/wp\/v2\/product_brand?post=1498"},{"taxonomy":"product_cat","embeddable":true,"href":"https:\/\/sofilu.pl\/index.php\/wp-json\/wp\/v2\/product_cat?post=1498"},{"taxonomy":"product_tag","embeddable":true,"href":"https:\/\/sofilu.pl\/index.php\/wp-json\/wp\/v2\/product_tag?post=1498"}],"curies":[{"name":"wp","href":"https:\/\/api.w.org\/{rel}","templated":true}]}}

<h4><span style="color: #000000;"><strong>Suknia SARA</strong></span><br />
<strong>Dopasowana bandażowa suknia z jerseyu. Dzięki przeplecionej szarfie pozwala na różne upinanie góry. Z tyłu średniej </strong><strong>długości tren.</strong></h4>
<p>Projekt i wykonanie: <a href="https://www.facebook.com/SofiLuProps" target="_blank" rel="noopener noreferrer">Beata Charachajczuk</a><br />
Fotografia: <a href="https://www.facebook.com/MagdalenaMakowskaPhotography" target="_blank" rel="noopener">Magdalena Makowska</a></p>

<p><span style="color: #000000;"><strong>Suknia SARA</strong></span></p>
<p>Dopasowana bandażowa suknia z jerseyu. Dzięki przeplecionej szarfie pozwala na różne upinanie góry. Z tyłu średniej długości tren.</p>
<p>Rozmiar uniwersalny.</p>
