{"id":2661,"date":"2025-11-15T13:08:40","date_gmt":"2025-11-15T13:08:40","guid":{"rendered":"https:\/\/sofilu.pl\/?post_type=product&#038;p=2661"},"modified":"2026-03-28T09:47:18","modified_gmt":"2026-03-28T09:47:18","slug":"komplet-elora","status":"publish","type":"product","link":"https:\/\/sofilu.pl\/index.php\/produkt\/komplet-elora\/","title":{"rendered":"Komplet ELORA"},"content":{"rendered":"<h2><strong>Komplet ELORA<\/strong><\/h2>\n<h4><strong>Nowoczesny zestaw do sesji w stylu Fashion. W zestawie znajdziecie minimalistyczny top z jerseyu, drapowane bolerko z tafty oraz sp\u00f3dnic\u0119 o linii syrenki z taftowym do\u0142em.<\/strong><\/h4>\n<h4><strong>Rozmiar uniwersalny.<\/strong><\/h4>\n<p>Projekt i wykonanie: <a href=\"https:\/\/www.facebook.com\/Beata-Charachajczuk-Pracownia-Krawiecka-867708973347916\" target=\"_blank\" rel=\"noopener noreferrer\">Beata Charachajczuk<\/a><br \/>\nFotografia: <a href=\"https:\/\/www.instagram.com\/caro_studiofotografii\/\" target=\"_blank\" rel=\"noopener\">Caro Studio Fotografii<\/a><\/p>\n","protected":false},"excerpt":{"rendered":"<p><strong>Komplet ELORA<\/strong><\/p>\n<p>Nowoczesny zestaw do sesji w stylu Fashion. W zestawie znajdziecie minimalistyczny top z jerseyu, drapowane bolerko z tafty oraz sp\u00f3dnic\u0119 o linii syrenki z taftowym do\u0142em.<\/p>\n<p>Rozmiar uniwersalny<\/p>\n<p>&nbsp;<\/p>\n<p>&nbsp;<\/p>\n","protected":false},"featured_media":2663,"comment_status":"open","ping_status":"closed","template":"","meta":{"jetpack_publicize_message":"","jetpack_publicize_feature_enabled":true,"jetpack_social_post_already_shared":true,"jetpack_social_options":{"image_generator_settings":{"template":"highway","default_image_id":0,"font":"","enabled":false},"version":2}},"product_brand":[],"product_cat":[110,74],"product_tag":[26,28,64,60,27,19,20,23,24],"class_list":{"0":"post-2661","1":"product","2":"type-product","3":"status-publish","4":"has-post-thumbnail","6":"product_cat-nowosci","7":"product_cat-suknie-dzianinowe","8":"product_tag-fotografia","9":"product_tag-fotograficzna","10":"product_tag-gabriela","11":"product_tag-komplet","12":"product_tag-sesja","13":"product_tag-sukienka","14":"product_tag-sukienki","15":"product_tag-suknia","16":"product_tag-suknie","18":"first","19":"instock","20":"featured","21":"purchasable","22":"product-type-simple"},"jetpack_publicize_connections":[],"jetpack_sharing_enabled":true,"jetpack_likes_enabled":true,"_links":{"self":[{"href":"https:\/\/sofilu.pl\/index.php\/wp-json\/wp\/v2\/product\/2661","targetHints":{"allow":["GET"]}}],"collection":[{"href":"https:\/\/sofilu.pl\/index.php\/wp-json\/wp\/v2\/product"}],"about":[{"href":"https:\/\/sofilu.pl\/index.php\/wp-json\/wp\/v2\/types\/product"}],"replies":[{"embeddable":true,"href":"https:\/\/sofilu.pl\/index.php\/wp-json\/wp\/v2\/comments?post=2661"}],"wp:featuredmedia":[{"embeddable":true,"href":"https:\/\/sofilu.pl\/index.php\/wp-json\/wp\/v2\/media\/2663"}],"wp:attachment":[{"href":"https:\/\/sofilu.pl\/index.php\/wp-json\/wp\/v2\/media?parent=2661"}],"wp:term":[{"taxonomy":"product_brand","embeddable":true,"href":"https:\/\/sofilu.pl\/index.php\/wp-json\/wp\/v2\/product_brand?post=2661"},{"taxonomy":"product_cat","embeddable":true,"href":"https:\/\/sofilu.pl\/index.php\/wp-json\/wp\/v2\/product_cat?post=2661"},{"taxonomy":"product_tag","embeddable":true,"href":"https:\/\/sofilu.pl\/index.php\/wp-json\/wp\/v2\/product_tag?post=2661"}],"curies":[{"name":"wp","href":"https:\/\/api.w.org\/{rel}","templated":true}]}}