{"id":2909,"date":"2026-02-22T21:39:29","date_gmt":"2026-02-22T21:39:29","guid":{"rendered":"https:\/\/sofilu.pl\/?post_type=product&#038;p=2909"},"modified":"2026-03-09T08:50:51","modified_gmt":"2026-03-09T08:50:51","slug":"suknia-isla","status":"publish","type":"product","link":"https:\/\/sofilu.pl\/index.php\/produkt\/suknia-isla\/","title":{"rendered":"Suknia ISLA"},"content":{"rendered":"<h2><strong>Suknia ISLA<\/strong><\/h2>\n<h4><strong>Niezwykle kobieca, zwiewna suknia z grubszego szyfonu. G\u00f3ra namarszczona na sznureczku, z mo\u017cliwo\u015bci\u0105 regulacji i r\u00f3\u017cnej aran\u017cacji r\u0119kawa. R\u0119kaw z rozci\u0119ciem na gumce. Z tylu doczepione dwa panele materia\u0142u do podrzucenia albo wyci\u0105gni\u0119cia trenu<br \/>\n<\/strong><\/h4>\n<h4><strong>Rozmiar uniwersalny<\/strong><\/h4>\n<p>fotografia: <a href=\"https:\/\/www.facebook.com\/MagdalenaMakowskaPhotography\" target=\"_blank\" rel=\"noopener\">Magdalena Makowska<\/a><\/p>\n<p>Projekt i wykonanie: <a href=\"https:\/\/www.facebook.com\/SofiLuProps\" target=\"_blank\" rel=\"noopener noreferrer\">Beata Charachajczuk<\/a><\/p>\n","protected":false},"excerpt":{"rendered":"<p><strong>Suknia ISLA<\/strong><\/p>\n<p>Niezwykle kobieca, zwiewna suknia z grubszego szyfonu. G\u00f3ra namarszczona na sznureczku, z mo\u017cliwo\u015bci\u0105 regulacji i r\u00f3\u017cnej aran\u017cacji r\u0119kawa. R\u0119kaw z rozci\u0119ciem na gumce. Z tylu doczepione dwa panele materia\u0142u do podrzucenia albo wyci\u0105gni\u0119cia trenu<\/p>\n<p>Rozmiar uniwersalny<\/p>\n","protected":false},"featured_media":2905,"comment_status":"open","ping_status":"closed","template":"","meta":{"jetpack_publicize_message":"","jetpack_publicize_feature_enabled":true,"jetpack_social_post_already_shared":true,"jetpack_social_options":{"image_generator_settings":{"template":"highway","default_image_id":0,"font":"","enabled":false},"version":2}},"product_brand":[],"product_cat":[110,105],"product_tag":[26,28,27,98,19],"class_list":{"0":"post-2909","1":"product","2":"type-product","3":"status-publish","4":"has-post-thumbnail","6":"product_cat-nowosci","7":"product_cat-suknie-szyfonowe","8":"product_tag-fotografia","9":"product_tag-fotograficzna","10":"product_tag-sesja","11":"product_tag-sofilu","12":"product_tag-sukienka","14":"first","15":"instock","16":"purchasable","17":"product-type-simple"},"jetpack_publicize_connections":[],"jetpack_sharing_enabled":true,"jetpack_likes_enabled":true,"_links":{"self":[{"href":"https:\/\/sofilu.pl\/index.php\/wp-json\/wp\/v2\/product\/2909","targetHints":{"allow":["GET"]}}],"collection":[{"href":"https:\/\/sofilu.pl\/index.php\/wp-json\/wp\/v2\/product"}],"about":[{"href":"https:\/\/sofilu.pl\/index.php\/wp-json\/wp\/v2\/types\/product"}],"replies":[{"embeddable":true,"href":"https:\/\/sofilu.pl\/index.php\/wp-json\/wp\/v2\/comments?post=2909"}],"wp:featuredmedia":[{"embeddable":true,"href":"https:\/\/sofilu.pl\/index.php\/wp-json\/wp\/v2\/media\/2905"}],"wp:attachment":[{"href":"https:\/\/sofilu.pl\/index.php\/wp-json\/wp\/v2\/media?parent=2909"}],"wp:term":[{"taxonomy":"product_brand","embeddable":true,"href":"https:\/\/sofilu.pl\/index.php\/wp-json\/wp\/v2\/product_brand?post=2909"},{"taxonomy":"product_cat","embeddable":true,"href":"https:\/\/sofilu.pl\/index.php\/wp-json\/wp\/v2\/product_cat?post=2909"},{"taxonomy":"product_tag","embeddable":true,"href":"https:\/\/sofilu.pl\/index.php\/wp-json\/wp\/v2\/product_tag?post=2909"}],"curies":[{"name":"wp","href":"https:\/\/api.w.org\/{rel}","templated":true}]}}

<h2><strong>Suknia ISLA</strong></h2>
<h4><strong>Niezwykle kobieca, zwiewna suknia z grubszego szyfonu. Góra namarszczona na sznureczku, z możliwością regulacji i różnej aranżacji rękawa. Rękaw z rozcięciem na gumce. Z tylu doczepione dwa panele materiału do podrzucenia albo wyciągnięcia trenu<br />
</strong></h4>
<h4><strong>Rozmiar uniwersalny</strong></h4>
<p>fotografia: <a href="https://www.facebook.com/MagdalenaMakowskaPhotography" target="_blank" rel="noopener">Magdalena Makowska</a></p>
<p>Projekt i wykonanie: <a href="https://www.facebook.com/SofiLuProps" target="_blank" rel="noopener noreferrer">Beata Charachajczuk</a></p>

<p><strong>Suknia ISLA</strong></p>
<p>Niezwykle kobieca, zwiewna suknia z grubszego szyfonu. Góra namarszczona na sznureczku, z możliwością regulacji i różnej aranżacji rękawa. Rękaw z rozcięciem na gumce. Z tylu doczepione dwa panele materiału do podrzucenia albo wyciągnięcia trenu</p>
<p>Rozmiar uniwersalny</p>
