{"id":2945,"date":"2026-03-02T19:14:59","date_gmt":"2026-03-02T19:14:59","guid":{"rendered":"https:\/\/sofilu.pl\/?post_type=product&#038;p=2945"},"modified":"2026-03-05T17:46:03","modified_gmt":"2026-03-05T17:46:03","slug":"suknia-ismena","status":"publish","type":"product","link":"https:\/\/sofilu.pl\/index.php\/produkt\/suknia-ismena\/","title":{"rendered":"Suknia ISMENA"},"content":{"rendered":"<h2><strong>Suknia ISMENA<\/strong><\/h2>\n<h4><strong>Suknia z satynowej tkaniny w formie szlafroka wi\u0105zana w talii. D\u00f3\u0142 z pe\u0142nego ko\u0142a z rozci\u0119ciem na ca\u0142ej d\u0142ugo\u015bci przodu i po bokach. D\u0142ugi szeroki r\u0119kaw namarszczony do\u0142em.<br \/>\n<\/strong><\/h4>\n<h4><strong>Rozmiar uniwersalny<\/strong><\/h4>\n<p>fotografia: <a href=\"https:\/\/www.facebook.com\/MagdalenaMakowskaPhotography\" target=\"_blank\" rel=\"noopener\">Magdalena Makowska<\/a><\/p>\n<p>Projekt i wykonanie: <a href=\"https:\/\/www.facebook.com\/SofiLuProps\" target=\"_blank\" rel=\"noopener noreferrer\">Beata Charachajczuk<\/a><\/p>\n","protected":false},"excerpt":{"rendered":"<p><strong>Suknia ISMENA<\/strong><\/p>\n<p>Suknia z satynowej tkaniny w formie szlafroka wi\u0105zana w talii. D\u00f3\u0142 z pe\u0142nego ko\u0142a z rozci\u0119ciem na ca\u0142ej d\u0142ugo\u015bci przodu i po bokach. D\u0142ugi szeroki r\u0119kaw namarszczony do\u0142em.<\/p>\n<p>Rozmiar uniwersalny<\/p>\n","protected":false},"featured_media":2904,"comment_status":"open","ping_status":"closed","template":"","meta":{"jetpack_publicize_message":"","jetpack_publicize_feature_enabled":true,"jetpack_social_post_already_shared":true,"jetpack_social_options":{"image_generator_settings":{"template":"highway","default_image_id":0,"font":"","enabled":false},"version":2}},"product_brand":[],"product_cat":[110,105],"product_tag":[26,28,27,98,19],"class_list":{"0":"post-2945","1":"product","2":"type-product","3":"status-publish","4":"has-post-thumbnail","6":"product_cat-nowosci","7":"product_cat-suknie-szyfonowe","8":"product_tag-fotografia","9":"product_tag-fotograficzna","10":"product_tag-sesja","11":"product_tag-sofilu","12":"product_tag-sukienka","14":"first","15":"instock","16":"purchasable","17":"product-type-variable"},"jetpack_publicize_connections":[],"jetpack_sharing_enabled":true,"jetpack_likes_enabled":true,"_links":{"self":[{"href":"https:\/\/sofilu.pl\/index.php\/wp-json\/wp\/v2\/product\/2945","targetHints":{"allow":["GET"]}}],"collection":[{"href":"https:\/\/sofilu.pl\/index.php\/wp-json\/wp\/v2\/product"}],"about":[{"href":"https:\/\/sofilu.pl\/index.php\/wp-json\/wp\/v2\/types\/product"}],"replies":[{"embeddable":true,"href":"https:\/\/sofilu.pl\/index.php\/wp-json\/wp\/v2\/comments?post=2945"}],"wp:featuredmedia":[{"embeddable":true,"href":"https:\/\/sofilu.pl\/index.php\/wp-json\/wp\/v2\/media\/2904"}],"wp:attachment":[{"href":"https:\/\/sofilu.pl\/index.php\/wp-json\/wp\/v2\/media?parent=2945"}],"wp:term":[{"taxonomy":"product_brand","embeddable":true,"href":"https:\/\/sofilu.pl\/index.php\/wp-json\/wp\/v2\/product_brand?post=2945"},{"taxonomy":"product_cat","embeddable":true,"href":"https:\/\/sofilu.pl\/index.php\/wp-json\/wp\/v2\/product_cat?post=2945"},{"taxonomy":"product_tag","embeddable":true,"href":"https:\/\/sofilu.pl\/index.php\/wp-json\/wp\/v2\/product_tag?post=2945"}],"curies":[{"name":"wp","href":"https:\/\/api.w.org\/{rel}","templated":true}]}}