{"id":2976,"date":"2026-04-19T19:54:53","date_gmt":"2026-04-19T19:54:53","guid":{"rendered":"https:\/\/sofilu.pl\/?post_type=product&#038;p=2976"},"modified":"2026-04-19T20:16:31","modified_gmt":"2026-04-19T20:16:31","slug":"suknia-reina","status":"publish","type":"product","link":"https:\/\/sofilu.pl\/index.php\/produkt\/suknia-reina\/","title":{"rendered":"Suknia  REINA"},"content":{"rendered":"<h2><strong>Suknia REINA<\/strong><\/h2>\n<h4><strong>Suknia tiulowa na gorsecie ze sztywnymi miseczkami,\u00a0 z tiulowym\u00a0 r\u0119kawkiem. D\u00f3\u0142 sukni to roz\u0142o\u017cysta sp\u00f3dnica z pe\u0142nego ko\u0142a z kilku warstw tiulu z falbanami.\u00a0 Prz\u00f3d sp\u00f3dnicy rozci\u0119ty na ca\u0142ej d\u0142ugo\u015bci.\u00a0<\/strong><\/h4>\n<h4><strong>Rozmiar uniwersalny.<\/strong><\/h4>\n<p>Projekt i wykonanie: <a href=\"https:\/\/www.facebook.com\/SofiLuProps\" target=\"_blank\" rel=\"noopener noreferrer\">Beata Charachajczuk<\/a><\/p>\n<p>Fotografia: <a href=\"https:\/\/www.facebook.com\/mariebellefotografia\" target=\"_blank\" rel=\"noopener\">Mariebelle Fotografia<\/a><\/p>\n","protected":false},"excerpt":{"rendered":"<p><strong>Suknia REINA<\/strong><\/p>\n<p>Suknia tiulowa na gorsecie ze sztywnymi miseczkami,\u00a0 z tiulowym\u00a0 r\u0119kawkiem. D\u00f3\u0142 sukni to roz\u0142o\u017cysta sp\u00f3dnica z pe\u0142nego ko\u0142a z kilku warstw tiulu z falbanami.\u00a0 Prz\u00f3d sp\u00f3dnicy rozci\u0119ty na ca\u0142ej d\u0142ugo\u015bci.<\/p>\n<p>Rozmiar uniwersalny.<\/p>\n","protected":false},"featured_media":2977,"comment_status":"open","ping_status":"closed","template":"","meta":{"jetpack_publicize_message":"","jetpack_publicize_feature_enabled":true,"jetpack_social_post_already_shared":true,"jetpack_social_options":{"image_generator_settings":{"template":"highway","default_image_id":0,"font":"","enabled":false},"version":2}},"product_brand":[],"product_cat":[110,75],"product_tag":[67,26,28,60,27,19,20,23,24],"class_list":{"0":"post-2976","1":"product","2":"type-product","3":"status-publish","4":"has-post-thumbnail","6":"product_cat-nowosci","7":"product_cat-suknie-tiulowe","8":"product_tag-camelia","9":"product_tag-fotografia","10":"product_tag-fotograficzna","11":"product_tag-komplet","12":"product_tag-sesja","13":"product_tag-sukienka","14":"product_tag-sukienki","15":"product_tag-suknia","16":"product_tag-suknie","18":"first","19":"instock","20":"featured","21":"purchasable","22":"product-type-simple"},"jetpack_publicize_connections":[],"jetpack_sharing_enabled":true,"jetpack_likes_enabled":true,"_links":{"self":[{"href":"https:\/\/sofilu.pl\/index.php\/wp-json\/wp\/v2\/product\/2976","targetHints":{"allow":["GET"]}}],"collection":[{"href":"https:\/\/sofilu.pl\/index.php\/wp-json\/wp\/v2\/product"}],"about":[{"href":"https:\/\/sofilu.pl\/index.php\/wp-json\/wp\/v2\/types\/product"}],"replies":[{"embeddable":true,"href":"https:\/\/sofilu.pl\/index.php\/wp-json\/wp\/v2\/comments?post=2976"}],"wp:featuredmedia":[{"embeddable":true,"href":"https:\/\/sofilu.pl\/index.php\/wp-json\/wp\/v2\/media\/2977"}],"wp:attachment":[{"href":"https:\/\/sofilu.pl\/index.php\/wp-json\/wp\/v2\/media?parent=2976"}],"wp:term":[{"taxonomy":"product_brand","embeddable":true,"href":"https:\/\/sofilu.pl\/index.php\/wp-json\/wp\/v2\/product_brand?post=2976"},{"taxonomy":"product_cat","embeddable":true,"href":"https:\/\/sofilu.pl\/index.php\/wp-json\/wp\/v2\/product_cat?post=2976"},{"taxonomy":"product_tag","embeddable":true,"href":"https:\/\/sofilu.pl\/index.php\/wp-json\/wp\/v2\/product_tag?post=2976"}],"curies":[{"name":"wp","href":"https:\/\/api.w.org\/{rel}","templated":true}]}}

<h2><strong>Suknia REINA</strong></h2>
<h4><strong>Suknia tiulowa na gorsecie ze sztywnymi miseczkami,  z tiulowym  rękawkiem. Dół sukni to rozłożysta spódnica z pełnego koła z kilku warstw tiulu z falbanami.  Przód spódnicy rozcięty na całej długości. </strong></h4>
<h4><strong>Rozmiar uniwersalny.</strong></h4>
<p>Projekt i wykonanie: <a href="https://www.facebook.com/SofiLuProps" target="_blank" rel="noopener noreferrer">Beata Charachajczuk</a></p>
<p>Fotografia: <a href="https://www.facebook.com/mariebellefotografia" target="_blank" rel="noopener">Mariebelle Fotografia</a></p>

<p><strong>Suknia REINA</strong></p>
<p>Suknia tiulowa na gorsecie ze sztywnymi miseczkami,  z tiulowym  rękawkiem. Dół sukni to rozłożysta spódnica z pełnego koła z kilku warstw tiulu z falbanami.  Przód spódnicy rozcięty na całej długości.</p>
<p>Rozmiar uniwersalny.</p>
