{"id":3018,"date":"2026-04-26T19:21:36","date_gmt":"2026-04-26T19:21:36","guid":{"rendered":"https:\/\/sofilu.pl\/?post_type=product&#038;p=3018"},"modified":"2026-04-26T19:24:26","modified_gmt":"2026-04-26T19:24:26","slug":"gorset-isara","status":"publish","type":"product","link":"https:\/\/sofilu.pl\/index.php\/produkt\/gorset-isara\/","title":{"rendered":"Gorset ISARA"},"content":{"rendered":"<h2><strong>Gorset ISARA<\/strong><\/h2>\n<h4><strong>Gorset ze sztywnymi miseczkami z delikatnej francuskiej koronki. Wi\u0105zany z ty\u0142u, przez co pozwala na regulacj\u0119. G\u00f3ra miseczki i d\u00f3\u0142 gorsetu wyko\u0144czony ozdobnym brzegiem.<\/strong><\/h4>\n<h4><strong>Rozmiar uniwersalny.<\/strong><\/h4>\n<p>Projekt i wykonanie: <a href=\"https:\/\/www.facebook.com\/Beata-Charachajczuk-Pracownia-Krawiecka-867708973347916\" target=\"_blank\" rel=\"noopener noreferrer\">Beata Charachajczuk<\/a><br \/>\nFotografia: <a href=\"https:\/\/www.facebook.com\/MagdalenaMakowskaPhotography\" target=\"_blank\" rel=\"noopener\">Magdalena Makowska<\/a><\/p>\n","protected":false},"excerpt":{"rendered":"<p><strong>Gorset ISARA<\/strong><\/p>\n<p>Gorset ze sztywnymi miseczkami z delikatnej francuskiej koronki. Wi\u0105zany z ty\u0142u, przez co pozwala na regulacj\u0119. G\u00f3ra miseczki i d\u00f3\u0142 gorsetu wyko\u0144czony ozdobnym brzegiem.<\/p>\n<p>Rozmiar uniwersalny<\/p>\n<p>&nbsp;<\/p>\n","protected":false},"featured_media":3017,"comment_status":"open","ping_status":"closed","template":"","meta":{"jetpack_publicize_message":"","jetpack_publicize_feature_enabled":true,"jetpack_social_post_already_shared":true,"jetpack_social_options":{"image_generator_settings":{"template":"highway","default_image_id":0,"font":"","enabled":false},"version":2}},"product_brand":[],"product_cat":[110,107],"product_tag":[26,28,64,60,27,19,20,23,24],"class_list":{"0":"post-3018","1":"product","2":"type-product","3":"status-publish","4":"has-post-thumbnail","6":"product_cat-nowosci","7":"product_cat-dodatki","8":"product_tag-fotografia","9":"product_tag-fotograficzna","10":"product_tag-gabriela","11":"product_tag-komplet","12":"product_tag-sesja","13":"product_tag-sukienka","14":"product_tag-sukienki","15":"product_tag-suknia","16":"product_tag-suknie","18":"first","19":"instock","20":"featured","21":"purchasable","22":"product-type-variable"},"jetpack_publicize_connections":[],"jetpack_sharing_enabled":true,"jetpack_likes_enabled":true,"_links":{"self":[{"href":"https:\/\/sofilu.pl\/index.php\/wp-json\/wp\/v2\/product\/3018","targetHints":{"allow":["GET"]}}],"collection":[{"href":"https:\/\/sofilu.pl\/index.php\/wp-json\/wp\/v2\/product"}],"about":[{"href":"https:\/\/sofilu.pl\/index.php\/wp-json\/wp\/v2\/types\/product"}],"replies":[{"embeddable":true,"href":"https:\/\/sofilu.pl\/index.php\/wp-json\/wp\/v2\/comments?post=3018"}],"wp:featuredmedia":[{"embeddable":true,"href":"https:\/\/sofilu.pl\/index.php\/wp-json\/wp\/v2\/media\/3017"}],"wp:attachment":[{"href":"https:\/\/sofilu.pl\/index.php\/wp-json\/wp\/v2\/media?parent=3018"}],"wp:term":[{"taxonomy":"product_brand","embeddable":true,"href":"https:\/\/sofilu.pl\/index.php\/wp-json\/wp\/v2\/product_brand?post=3018"},{"taxonomy":"product_cat","embeddable":true,"href":"https:\/\/sofilu.pl\/index.php\/wp-json\/wp\/v2\/product_cat?post=3018"},{"taxonomy":"product_tag","embeddable":true,"href":"https:\/\/sofilu.pl\/index.php\/wp-json\/wp\/v2\/product_tag?post=3018"}],"curies":[{"name":"wp","href":"https:\/\/api.w.org\/{rel}","templated":true}]}}

<h2><strong>Gorset ISARA</strong></h2>
<h4><strong>Gorset ze sztywnymi miseczkami z delikatnej francuskiej koronki. Wiązany z tyłu, przez co pozwala na regulację. Góra miseczki i dół gorsetu wykończony ozdobnym brzegiem.</strong></h4>
<h4><strong>Rozmiar uniwersalny.</strong></h4>
<p>Projekt i wykonanie: <a href="https://www.facebook.com/Beata-Charachajczuk-Pracownia-Krawiecka-867708973347916" target="_blank" rel="noopener noreferrer">Beata Charachajczuk</a><br />
Fotografia: <a href="https://www.facebook.com/MagdalenaMakowskaPhotography" target="_blank" rel="noopener">Magdalena Makowska</a></p>

<p><strong>Gorset ISARA</strong></p>
<p>Gorset ze sztywnymi miseczkami z delikatnej francuskiej koronki. Wiązany z tyłu, przez co pozwala na regulację. Góra miseczki i dół gorsetu wykończony ozdobnym brzegiem.</p>
<p>Rozmiar uniwersalny</p>
<p>&nbsp;</p>
