{"id":3030,"date":"2026-04-29T19:47:32","date_gmt":"2026-04-29T19:47:32","guid":{"rendered":"https:\/\/sofilu.pl\/?post_type=product&#038;p=3030"},"modified":"2026-04-29T20:11:29","modified_gmt":"2026-04-29T20:11:29","slug":"spodnica-syrenka","status":"publish","type":"product","link":"https:\/\/sofilu.pl\/index.php\/produkt\/spodnica-syrenka\/","title":{"rendered":"Sp\u00f3dnica syrenka"},"content":{"rendered":"<h2><strong>Sp\u00f3dnica syrenka\u00a0<\/strong><\/h2>\n<h4><b>W\u0105ska sp\u00f3dnica z jerseyu rozszerzaj\u0105ca si\u0119 od linii kolan z wyd\u0142u\u017conym trenem z ty\u0142u.<\/b><\/h4>\n<h4><strong>Rozmiar uniwersalny.<\/strong><\/h4>\n<p>Projekt i wykonanie: <a href=\"https:\/\/www.facebook.com\/Beata-Charachajczuk-Pracownia-Krawiecka-867708973347916\" target=\"_blank\" rel=\"noopener noreferrer\">Beata Charachajczuk<\/a><br \/>\nFotografia: <a href=\"https:\/\/www.facebook.com\/MagdalenaMakowskaPhotography\" target=\"_blank\" rel=\"noopener\">Magdalena Makowska<\/a><\/p>\n","protected":false},"excerpt":{"rendered":"<p><strong>Sp\u00f3dnica syrenka\u00a0<\/strong><\/p>\n<p>W\u0105ska sp\u00f3dnica z jerseyu rozszerzaj\u0105ca si\u0119 od linii kolan z wyd\u0142u\u017conym trenem z ty\u0142u.<\/p>\n<p>Rozmiar uniwersalny.<\/p>\n<p>&nbsp;<\/p>\n<p>&nbsp;<\/p>\n","protected":false},"featured_media":3015,"comment_status":"open","ping_status":"closed","template":"","meta":{"jetpack_publicize_message":"","jetpack_publicize_feature_enabled":true,"jetpack_social_post_already_shared":true,"jetpack_social_options":{"image_generator_settings":{"template":"highway","default_image_id":0,"font":"","enabled":false},"version":2}},"product_brand":[],"product_cat":[107],"product_tag":[26,28,64,60,27,19,20,23,24],"class_list":{"0":"post-3030","1":"product","2":"type-product","3":"status-publish","4":"has-post-thumbnail","6":"product_cat-dodatki","7":"product_tag-fotografia","8":"product_tag-fotograficzna","9":"product_tag-gabriela","10":"product_tag-komplet","11":"product_tag-sesja","12":"product_tag-sukienka","13":"product_tag-sukienki","14":"product_tag-suknia","15":"product_tag-suknie","17":"first","18":"instock","19":"featured","20":"purchasable","21":"product-type-variable","22":"has-default-attributes"},"jetpack_publicize_connections":[],"jetpack_sharing_enabled":true,"jetpack_likes_enabled":true,"_links":{"self":[{"href":"https:\/\/sofilu.pl\/index.php\/wp-json\/wp\/v2\/product\/3030","targetHints":{"allow":["GET"]}}],"collection":[{"href":"https:\/\/sofilu.pl\/index.php\/wp-json\/wp\/v2\/product"}],"about":[{"href":"https:\/\/sofilu.pl\/index.php\/wp-json\/wp\/v2\/types\/product"}],"replies":[{"embeddable":true,"href":"https:\/\/sofilu.pl\/index.php\/wp-json\/wp\/v2\/comments?post=3030"}],"wp:featuredmedia":[{"embeddable":true,"href":"https:\/\/sofilu.pl\/index.php\/wp-json\/wp\/v2\/media\/3015"}],"wp:attachment":[{"href":"https:\/\/sofilu.pl\/index.php\/wp-json\/wp\/v2\/media?parent=3030"}],"wp:term":[{"taxonomy":"product_brand","embeddable":true,"href":"https:\/\/sofilu.pl\/index.php\/wp-json\/wp\/v2\/product_brand?post=3030"},{"taxonomy":"product_cat","embeddable":true,"href":"https:\/\/sofilu.pl\/index.php\/wp-json\/wp\/v2\/product_cat?post=3030"},{"taxonomy":"product_tag","embeddable":true,"href":"https:\/\/sofilu.pl\/index.php\/wp-json\/wp\/v2\/product_tag?post=3030"}],"curies":[{"name":"wp","href":"https:\/\/api.w.org\/{rel}","templated":true}]}}

Spódnica syrenka

<h2><strong>Spódnica syrenka </strong></h2>
<h4><b>Wąska spódnica z jerseyu rozszerzająca się od linii kolan z wydłużonym trenem z tyłu.</b></h4>
<h4><strong>Rozmiar uniwersalny.</strong></h4>
<p>Projekt i wykonanie: <a href="https://www.facebook.com/Beata-Charachajczuk-Pracownia-Krawiecka-867708973347916" target="_blank" rel="noopener noreferrer">Beata Charachajczuk</a><br />
Fotografia: <a href="https://www.facebook.com/MagdalenaMakowskaPhotography" target="_blank" rel="noopener">Magdalena Makowska</a></p>

<p><strong>Spódnica syrenka </strong></p>
<p>Wąska spódnica z jerseyu rozszerzająca się od linii kolan z wydłużonym trenem z tyłu.</p>
<p>Rozmiar uniwersalny.</p>
<p>&nbsp;</p>
<p>&nbsp;</p>
